-15936
In base 13, what is 17b - -2421?
259c
In base 15, what is -3 + -b4694?
-b4697
In base 7, what is -52 + -206?
-261
In base 9, what is -5 - -2328?
2323
In base 10, what is -12 + -44924?
-44936
In base 5, what is 2 - -443242?
443244
In base 7, what is 2 + -5443021?
-5443016
In base 6, what is -43103 - -5?
-43054
In base 10, what is 1 + 644611?
644612
In base 10, what is -10 - 13010?
-13020
In base 16, what is 3bd8e + -5?
3bd89
In base 7, what is 64014 + -21?
63663
In base 7, what is 0 - -56014?
56014
In base 14, what is 5 - 958a?
-9585
In base 5, what is 4320214 + -21?
4320143
In base 9, what is 5 + -64813?
-64807
In base 6, what is 30 + 104342?
104412
In base 11, what is -a9a9 + 64?
-a945
In base 12, what is 12 + 839?
84b
In base 15, what is -a + -1dcc3?
-1dccd
In base 14, what is -7 + -1805?
-180c
In base 3, what is -1100121202112 - 1?
-1100121202120
In base 14, what is -2 + -18b43?
-18b45
In base 5, what is -4141 - 1222?
-10413
In base 10, what is -9250 - -21?
-9229
In base 9, what is 75327 - -5?
75333
In base 13, what is -79b - -30a?
-491
In base 13, what is -4 - 2a124?
-2a128
In base 15, what is -40 - -1127d?
1123d
In base 11, what is -42 + -6450?
-6492
In base 15, what is 1c8 - 347?
-16e
In base 15, what is 24 + 6bbc?
6be1
In base 2, what is 10100110100100 - -1111001?
10101000011101
In base 10, what is -230 - 473?
-703
In base 8, what is -4 + -344715?
-344721
In base 13, what is -17a + 3?
-177
In base 9, what is 4807 - 82?
4715
In base 13, what is 6653 - 6?
664a
In base 12, what is 1 - 4aa550?
-4aa54b
In base 10, what is -159842 + 3?
-159839
In base 16, what is -149d6 + -5?
-149db
In base 3, what is -20212102 + 1100?
-20211002
In base 16, what is -357 - -6?
-351
In base 9, what is -14 + -466?
-481
In base 2, what is -10001010100010110101 + -10?
-10001010100010110111
In base 14, what is -1c - a512?
-a530
In base 3, what is 21 + -202222200?
-202222102
In base 2, what is -10000110101 - 101011001?
-10110001110
In base 5, what is 13 + 31400?
31413
In base 16, what is 31 + -a82?
-a51
In base 10, what is 2 - 527?
-525
In base 11, what is 75a - -51?
800
In base 16, what is 4 - -9de6?
9dea
In base 15, what is 120 + -280?
-160
In base 3, what is 1011110120 - 22?
1011110021
In base 9, what is 0 - 425331?
-425331
In base 8, what is 1322752 + -2?
1322750
In base 16, what is 5 - 552?
-54d
In base 14, what is -1d2 - -2bd2?
2a00
In base 3, what is -211221 + -11112120?
-12101111
In base 10, what is 6287 - 9?
6278
In base 10, what is -291 - 1289?
-1580
In base 10, what is 176021 + 0?
176021
In base 13, what is -b04 - 1b?
-b22
In base 10, what is 25 + 15?
40
In base 7, what is 215 + 10600?
11115
In base 10, what is -1490 + 604?
-886
In base 8, what is 66670 - 3?
66665
In base 6, what is -15355 - -230?
-15125
In base 15, what is e + -254e?
-2540
In base 8, what is -34333676 - 0?
-34333676
In base 5, what is 3 - -244130320?
244130323
In base 8, what is -5 - 130265?
-130272
In base 13, what is 0 + 235a5?
235a5
In base 2, what is -100001001000101001 + 100?
-100001001000100101
In base 10, what is 5 + -1830?
-1825
In base 8, what is -167 + 23500?
23311
In base 8, what is 201 + 6130?
6331
In base 6, what is -13511 + -111?
-14022
In base 8, what is 316265 + -10?
316255
In base 6, what is -232155 + -4?
-232203
In base 11, what is a06 - 24?
992
In base 16, what is 42 - -65a?
69c
In base 11, what is -212 - -1288?
1076
In base 16, what is -4 - -2214?
2210
In base 16, what is 5 + 5a8c?
5a91
In base 14, what is -4 - -116?
112
In base 4, what is 302 - 1022303?
-1022001
In base 2, what is -10 + 100010111110010?
100010111110000
In base 10, what is 24 - 7001?
-6977
In base 11, what is 365 + 14?
379
In base 13, what is -140bb + -a?
-140c8
In base 6, what is -12542545 - 1?
-12542550
In base 16, what is 78 - -59b?
613
In base 14, what is -177 - -94c2?
9349
In base 13, what is 1 - -315c8a?
315c8b
In base 10, what is 4 + -420523?
-420519
In base 12, what is -12324 - -8?
-12318
In base 16, what is 48c + 75d?
be9
In base 13, what is 4b2 - -9?
4bb
In base 4, what is 12 + 33332323?
33333001
In base 16, what is 77 + 13a0?
1417
In base 8, what is -221 - -14040?
13617
In base 3, what is 11 + -1020220020102?
-1020220020021
In base 11, what is -4 + -198628?
-198631
In base 8, what is 4 - 43221?
-43215
In base 16, what is c64c8 + 0?
c64c8
In base 14, what is 88574 + 0?
88574
In base 14, what is 0 + -144224?
-144224
In base 15, what is 189 + -30?
159
In base 8, what is 43 - 2013?
-1750
In base 13, what is 1a2a + 9c3?
2720
In base 6, what is -1150033 - -2?
-1150031
In base 15, what is e6 + -3ba?
-2c4
In base 5, what is -412141 + 11?
-412130
In base 15, what is -52882 + -4?
-52886
In base 7, what is -1312600 - 0?
-1312600
In base 14, what is 6772 - 7?
6769
In base 11, what is 335 - -758?
a92
In base 12, what is -1 - 8b68?
-8b69
In base 8, what is 4234 + 12?
4246
In base 13, what is -128a59 + -3?
-128a5c
In base 6, what is 35 - 145?
-110
In base 16, what is 7851 + -8?
7849
In base 3, what is 100 + -201221?
-201121
In base 14, what is -c61cc - -1?
-c61cb
In base 11, what is -4376 + -5?
-4380
In base 14, what is 2 - 1b30?
-1b2c
In base 5, what is -12 - -2441114?
2441102
In base 8, what is -11632450 - 5?
-11632455
In base 16, what is 2 + -3651?
-364f
In base 16, what is -256c3 + 8?
-256bb
In base 3, what is -22221220010 + -1?
-22221220011
In base 6, what is 130313 + -5?
130304
In base 12, what is -10 - -13b39?
13b29
In base 6, what is 0 + 31010?
31010
In base 3, what is 20010 + 2120122?
2210202
In base 8, what is -145 - -2355?
2210
In base 3, what is 0 - -2002220111?
2002220111
In base 14, what is 2a + -15747?
-1571b
In base 2, what is -100 + 111100010000101?
111100010000001
In base 9, what is 332 + -1305?
-863
In base 16, what is ce + 78?
146
In base 5, what is -2034402 + -3?
-2034410
In base 7, what is -6 + 166000?
165661
In base 16, what is -1 + -148d3?
-148d4
In base 14, what is -1b - -1d6?
1b9
In base 9, what is -713 - 108?
-822
In base 8, what is -370 - 7226?
-7616
In base 8, what is -116641 - 54?
-116715
In base 11, what is -33 - -28210?
28188
In base 7, what is -2160 - -15615?
13425
In base 6, what is -3 + 35030543?
35030540
In base 11, what is 27230 + -2?
27229
In base 3, what is 202212220221 - 101?
202212220120
In base 8, what is 2762 - -21?
3003
In base 16, what is b + -333c?
-3331
In base 15, what is d5473 - -2?
d5475
In base 16, what is -55b + -c1a?
-1175
In base 2, what is 10001011111111000 - -11?
10001011111111011
In base 2, what is 10 + -101111100001?
-101111011111
In base 4, what is -2 + 202212?
202210
In base 13, what is -42 + -c31c?
-c361
In base 6, what is 102 - 311?
-205
In base 15, what is -2c817 - -3?
-2c814
In base 9, what is -3234487 + -3?
-3234501
In base 13, what is -5 + -94a88?
-94a90
In base 10, what is -15367 + -4?
-15371
In base 10, what is -14913 + -141?
-15054
In base 15, what is 8 + -3178?
-3170
In base 4, what is -3000 + -2211201?
-2220201
In base 5, what is 1130102 - -30?
1130132
In base 7, what is -1665 - -521?
-1144
In base 2, what is -1011110100100 - 1001?
-1011110101101
In base 15, what is 1dcd - 3?
1dca
In base 9, what is 155 + 20?
175
In base 2, what is 100111100110100100 - -1101?
100111100110110001
In base 7, what is 101134 + 2?
101136
In base 9, what is 1556721 - 0?
1556721
In base 11, what is -4894 + -32?
-4916
In base 13, what is -140 + 1?
-13c
In base 3, what is 0 - 110110221?
-110110221
In base 7, what is 141 + -16156?
-16015
In base 11, what is -1 - -16009?
16008
In base 7, what is 5 - 15300?
-15262
In base 5, what is -311320 - -3?
-311312
In base 2, what is 100001010100 - 1000?
100001001100
In base 6, what is -2005003 - 1?
-2005004
In base 7, what is -1 - 14164342?
-14164343
In base 2, what is -1000110110000 - 10001010?
-1001000111010
In base 8, what is -26704 + 2?
-26702
In base 9, what is -108 + -1153?
-1262
In base 8, what is 12214562 - 0?
12214562
In base 9, what is -45 - 755?
-811
In base 3, what is 100 + -112101201?
-112101101
In base 6, what is -1023322 - 101?
-1023423
In base 10, what is 63 - 1341?
-1278
In base 16, what is -e32 + -13?
-e45
In base 7, what is 1 - -24346?
24350
In base 7, what is 6 - 23352?
-23343
In base 6, what is -214 - -10?
-204
In base 4, what is 30 + -1023201?
-1023111
In base 6, what is -11255453 - -5?
-112